t is the tens digit of 2/(-6) + (-3 - w/9)?
4
Suppose -5*v + 6*a + 66704 = 0, v - 5280 = 2*a + 8056. What is the hundreds digit of v?
3
Suppose 77*p = 85*p - 24064. What is the units digit of p?
8
What is the ten thousands digit of -25 + (-2527)/(-95) + 278301/15?
1
Let j = -5904 + 11707. What is the units digit of j?
3
What is the units digit of 170/(-595) - (-56933)/7?
3
Suppose -15*w = -4687 - 13898. Let l = w - 858. What is the units digit of l?
1
Let z = 1974 - 1308. Let l = 1163 + z. What is the tens digit of l?
2
Let o(t) = -4*t + 2 + 2 + 10 + 3*t. Let i be o(0). What is the units digit of (-4)/i - (2024/(-28) - -1)?
1
What is the thousands digit of 168678/27 - (-2)/(-6)?
6
Let y be (2823/(-2))/(22/4 - 5). What is the units digit of (-24)/(-60) + 2/(-10)*y?
5
Let v(i) be the first derivative of -i**4/2 - 5*i**3/3 + 11*i**2/2 + 3*i - 128. What is the thousands digit of v(-10)?
1
Suppose 75*p = -15*p - 63*p + 4645080. What is the tens digit of p?
6
Suppose -5*y + 5*k = 0, 6 = -y - 4*k - k. What is the tens digit of ((-123)/4)/(((-4)/(-64))/y)?
9
Let o(c) = 93*c**2 + 4*c + 1. Let l be o(-2). Let f = l - 39. Let k = -216 + f. What is the units digit of k?
0
Suppose 0 = 13*i - 9*i + 5*z - 25800, -2*i + 2*z + 12900 = 0. What is the thousands digit of i?
6
Suppose 9*s = 24*s - 9*s - 231096. What is the hundreds digit of s?
5
Let x = -3465 - -5374. What is the hundreds digit of x?
9
Suppose 2 - 9 = 4*x + 5*h, 0 = 5*x - 3*h - 19. Suppose -x*z + 240 + 1134 = 0. What is the units digit of z?
7
Suppose 707 = 9*n + 257. Let s = n + -42. Suppose -5*d = -s*d - o + 284, 3*o = 15. What is the units digit of d?
3
Let x = -199 + 189. What is the hundreds digit of (x + 110)*(13/(-4))/(-1)?
3
What is the units digit of (-4)/((-1069596)/213916 + 5)?
9
Suppose -i - 75 + 73 = 0. Let j be i/(2 + 183/(-90)). Let k = j + -11. What is the units digit of k?
9
Let t(q) = 2260*q**2 - 46*q + 9. What is the tens digit of t(1)?
2
Suppose -230 = -0*s - 5*s. Let f = -42 + s. What is the tens digit of -204*(1 - 2/f)/(-1)?
0
Let z = 6944 - 4484. Suppose 5*s - z = -5*v + 290, -3*v + 1652 = s. What is the tens digit of v?
5
Let x be (-12 + -1)*45/(-3 - 6). Let n = 77 + 17. Let j = n - x. What is the units digit of j?
9
Let d = 133 - 108. Suppose 4072 + 538 = 5*q + 4*u, -d = -5*u. What is the units digit of q?
8
Let n(w) be the first derivative of w**3/3 - w**2/2 - 5*w - 12. Suppose -6*z - 11 = 19. What is the units digit of n(z)?
5
Let t(n) = 92*n + 119 + 115 - 192. What is the tens digit of t(2)?
2
Let h(o) = 47*o + 34*o - 67*o - 56. What is the units digit of h(15)?
4
Let t(g) = 30*g**2 + 596*g + 204. Let d(p) = -6*p**2 - 119*p - 41. Let y(c) = -11*d(c) - 2*t(c). What is the units digit of y(-25)?
8
Let u = 778 - 296. What is the tens digit of (u/7)/(2/7)?
4
Let o(w) = -3*w**2 - 19*w + 5. Let u be o(-6). Let i = u + 354. Suppose 255 + i = 4*q. What is the units digit of q?
5
Suppose 0 = 5*q + 3*t - 75, 2*t + 40 = 5*q - 2*t. Suppose -q*p = -5*p - 1939. What is the tens digit of p?
7
Suppose -6*v + 53 = 29. Suppose 5*k - v*k = 0. What is the tens digit of (k + (-206)/(-4))/((-11)/(-22))?
0
Suppose -32*r + 80 = -28*r. Suppose 0*y = -4*y - o - 73, 0 = -4*o - r. What is the hundreds digit of ((-1)/(-2))/(y/(-3638))?
1
Let w be 7*(-9)/315*-120. Suppose 4*v - 597 = -5*p, 3*p + v - 373 + 12 = 0. Let u = w + p. What is the units digit of u?
5
Let i(v) = -17*v**3 + 2*v**2 - 2*v - 3. Let x(z) = -5*z + 128. Let t be x(26). What is the tens digit of i(t)?
4
Let z(b) = 4*b**2 - 2*b. Let r(l) = 7*l**2 - 5*l - 1. Let x(v) = -v**2 - 9*v + 5. Let h be x(-10). Let w(i) = h*z(i) + 3*r(i). What is the tens digit of w(-6)?
6
Suppose -3*t + 8379 = 3*n - 11331, -5*t = 4*n - 26282. What is the thousands digit of n?
6
Let p = 13854 - -16493. What is the ten thousands digit of p?
3
Let y(d) = -d**2 + 17*d - 72. Let z be y(8). What is the units digit of (22/(-3))/((-5)/105 + z)?
4
Let u = -5048 - -14339. What is the units digit of u?
1
Let s(m) = m**3 + 41*m**2 + 148*m + 26. What is the tens digit of s(-31)?
4
Suppose 10*n + 26060 = 5*r + 5*n, n = -r + 5210. What is the units digit of r?
1
Suppose 0 = 14*v - 53 - 87. Suppose 5*z - 7*z = v*z. Suppose -59*d + 57*d + 72 = z. What is the units digit of d?
6
Let c be -526 + -36 + (2 - 6) + 0. Let z = 810 + c. What is the units digit of z?
4
Suppose 3*q = 9 - 6, 3*u - 5 = q. Let o = 55 + -37. What is the tens digit of o - (-4 - (-2 - u))?
1
Suppose 82615 = 50*l - 584135. What is the tens digit of l?
3
Let d = 69300 + -48061. What is the thousands digit of d?
1
Suppose 63*c + 19*c + 11152 = 0. Let h = -317 + 226. Let k = h - c. What is the tens digit of k?
4
Suppose -59 = 6*f - 77, 0 = -u - 3*f + 83627. What is the units digit of u?
8
Let b = -48 + 32. Let k = 20 + b. Suppose 2*h - 188 = -5*o + 2*o, -k*h = 5*o - 310. What is the units digit of o?
6
Let c = -297 - -1581. Suppose -3*z - 4*d + 1302 = 0, -2*z + 5*z - 2*d = c. What is the hundreds digit of z?
4
Let a(s) = -2*s**2 + 10*s - 17. Let c = -6 + 9. Let d be a(c). Let q(t) = 6*t**2 - 17*t - 8. What is the units digit of q(d)?
7
Let a(j) = 12*j**3 + 2*j**2 + 7*j + 10. Let n be a(-3). Let r = 1098 - 526. Let f = r + n. What is the tens digit of f?
5
Let x = -1777 + 4883. What is the hundreds digit of x?
1
Suppose -5*g + 2*g + 22918 = -21098. What is the tens digit of g?
7
Suppose 255*d = 7*d + 10267613 + 12710083. What is the thousands digit of d?
2
Let g = -153 - 140. Let l = -276 - g. What is the tens digit of l?
1
Let r(i) = i**2 - 10*i - 49. Let l be r(14). Suppose 2*z = -l*z + 2646. What is the hundreds digit of z?
2
Suppose 0 = -3*a - 3*x, -3*x + 0*x = 5*a - 6. Suppose 5*j = -5*p + 5, p = 2*p + a*j + 3. What is the units digit of ((-1430)/39)/((-2)/p)?
5
Let t(c) = 29*c + 39. Let x(r) = r**3 - 5*r**2 - 6*r + 10. Let h be x(6). Let v be t(h). Suppose -i = -6*i + 15, -5*j + 2*i = -v. What is the tens digit of j?
6
Suppose 217 = 4*q + 9. Let w be 13/q + 202/(-8). Let c = 2 - w. What is the units digit of c?
7
Let w(m) = m**3 - 3*m**2 - 17*m + 8026. What is the tens digit of w(0)?
2
Suppose 5 = 4*g + 1, 4*v + 5*g = 397. Suppose 0 = -k - v + 745. What is the hundreds digit of k?
6
Suppose -36 = -22*o + 4*o. Suppose 0 = 3*m + 3*r - 1245, -m - 406 = -o*m - 4*r. What is the tens digit of m?
1
Let a = 111053 - 47319. What is the units digit of a?
4
Let u = -2907 - -1858. Let o = -241 - u. What is the units digit of o?
8
Let b be (6/(-24) - (-11)/(-4))*-60. Suppose 11*p - 9*p = b. Let o = 37 + p. What is the units digit of o?
7
Let r = 8 + -10. Let b be (-1)/(-7) + (172/14)/r. What is the tens digit of (20/b)/(((-28)/(-36))/(-7))?
3
What is the units digit of (48 + -11910)*(8/(-32) - (-3)/(-4))?
2
Suppose -103 = 15*i - 14*i. Let k = 424 + i. What is the tens digit of k?
2
What is the thousands digit of ((-117)/(-12))/(-13) - (-1)/(16/26892)?
1
Suppose 15 = 38*l - 33*l. Suppose -2*j - 972 = -5*n, 6*j = 2*n + l*j - 391. What is the tens digit of n?
9
Let t(k) = -2*k**2 - 24*k - 35. Let j be t(-9). Suppose j*q - 17680 = -q. What is the hundreds digit of q?
8
Let t be -2 - 0 - (5 + 0 + -8). What is the units digit of (t - 46/(-6))/(2/30)?
0
Let y(w) = -w**3 - 5*w**2 + 15*w + 76. Let s be y(-5). Let h(x) = 1246*x**3 - x**2 + 1. What is the tens digit of h(s)?
4
Let m = 81 + -54. Suppose -m*n = -31*n + 140. Let k = 33 + n. What is the tens digit of k?
6
Let s = 48 - 1. Let u = s - 43. Suppose 139 = k + 3*z, 0*k + 2*k - u*z - 228 = 0. What is the units digit of k?
4
Let y = -80 + -363. Let n = 695 + y. Suppose 4*d + 5*b = 796, 4*b + n = 3*d - 376. What is the units digit of d?
4
Suppose 0 = 3*i + 4*r - 7*r - 206736, r = 2*i - 137830. What is the ten thousands digit of i?
6
Let t(h) = h**2 - 1. Let x(c) = 1 - 13 - 14 + 5*c**2 + 0*c - 7*c. Let q(b) = -4*t(b) + x(b). What is the hundreds digit of q(-9)?
1
Let u = 10370 - 4293. What is the hundreds digit of u?
0
Let s = -603 - -1497. Let p = -614 + s. What is the hundreds digit of ((-45)/(-12))/(10/p)?
1
Suppose 1127 = v - 249. Let x = v + -724. What is the hundreds digit of x?
6
Let u = -1068 + 540. Let g be (-2)/3 - (u/9 + 1). What is the hundreds digit of 7676/g - (-2)/(-3)?
1
Let j(q) = 10*q**2 + 0 + 2 + q - 6*q**2 + 0*q**2 - 2*q**2. Suppose 2*y - 2*k - 4 = -6, 